 -3*s - 3*i + 1344 = 0, -i + 2 = -1. Is s a composite number?
True
Let o be -1349*(-3)/((-3)/1). Let z be o/2 - (-1)/2. Is z/((-12)/(-9) + -2) composite?
True
Suppose 4*p = -8 - 16. Let t(r) be the first derivative of -r**4/4 - 4*r**3/3 - r**2 - 7*r + 5. Is t(p) a prime number?
False
Let w = 1530 + -932. Suppose -5*c = -3*b + w, -4*c + 154 = b - 17. Is b a prime number?
True
Let u(r) = -r**2 + 12*r - 18. Let k be u(10). Is (2 - 2154*k)*(-8)/16 a composite number?
False
Let h(i) = 2*i**2 - 11*i + 14. Let a be h(6). Suppose -926 = -5*o + u + 2194, -4*u = -a. Suppose -3*j = 5*q + 2*j - o, -10 = 5*j. Is q a composite number?
False
Suppose 6*w = 5*w + 1, -1275 = -4*h + w. Is h a prime number?
False
Suppose -2*q + 25 = 5*r, 8 = 5*q - 17. Suppose 455 = r*m + 4*c - 904, 9 = 3*c. Is m a composite number?
False
Suppose 193*m - 187*m = 36102. Is m a prime number?
False
Let l = -16 + 4. Let z be (1 - 12)/(4/l). Suppose -b - 2*b = -z. Is b a prime number?
True
Let c = -6877 + 14054. Is c a prime number?
True
Let z be ((-2)/(-2))/(4/(-84)). Let u = -19 - z. Suppose 0 = -u*l - l + 801. Is l a composite number?
True
Suppose v - 19 = 2*v + 4*w, 0 = -3*v - 3*w - 12. Let p = 163 + -105. Is p/v*33/6 composite?
True
Suppose -v + 53 = 4*c, 2*v + 3 = 4*c - 47. Let s(r) = r - 7. Let a be s(c). Let g(l) = 56*l - 5. Is g(a) a prime number?
True
Let b = 2752 - 567. Suppose -3*n - 616 = 2*c - b, 0 = -c - 3. Suppose 190 - n = -5*l. Is l a prime number?
True
Let y be -1 + (-235)/(-15) + 1/3. Suppose 0 = 19*k - y*k - 6716. Is k prime?
False
Suppose 0 = -m - 3*m - 152. Let x be 187/(-3*1/3). Let r = m - x. Is r prime?
True
Is ((-10)/8)/(0 - (-7)/(-7028)) a composite number?
True
Let r be (-1096)/(-16)*2/(-2)*-30. Let t = r + -514. Is t prime?
False
Is (10/(-60)*-119622)/1 a prime number?
True
Suppose -16 = -5*t + 3*t. Suppose 2*c = -2*o + 18 + t, 0 = o + 2*c - 17. Let n(x) = -x**3 + 11*x**2 + 5*x + 4. Is n(o) composite?
False
Let f be (18/8)/(15/40). Suppose 0 = -3*a - f, -u + 2*a + 57 = -132. Is u prime?
False
Suppose -2*h + 8 = 0, 4*u + 3*h + 0 - 12 = 0. Suppose u = k + 2*j - 301, j + j - 8 = 0. Is k a prime number?
True
Let s = 5110 + -2531. Is s prime?
True
Suppose 0 = -5*r - 141 + 546. Is (r - -1) + (-8 - -9) a prime number?
True
Suppose 0 = 5*g - 8 - 7, -5*g = 3*w - 46134. Is w composite?
False
Suppose -95*u + 103*u - 110008 = 0. Is u prime?
True
Let g(n) = n**3 - 10*n**2 + 8*n + 11. Let x be g(9). Suppose -2*b = -3*c - 458, 4*c + 166 = x*b - 296. Is b composite?
False
Suppose r = 5*s - 547, 3*s + r - 339 = -2*r. Suppose 19*j = 21*j - s. Is j a prime number?
False
Suppose -1639 = 7*z - 4838. Is z composite?
False
Suppose 388773 = 20*v + 51233. Is v composite?
True
Let j be (-3)/1 - 3*14. Let a be j/6 + 9/6. Is (a/4 - -1)*-166 composite?
False
Let f be ((-6)/8)/((-1)/72748). Is ((-2)/(-6))/(13/f) a composite number?
False
Let x = -1 - -1. Suppose x*h + 5015 = 5*h. Let s = -696 + h. Is s composite?
False
Is 180/30 + (-1 - -11483 - 3) prime?
False
Let b(r) = 36*r**2 + 17*r - 45. Is b(14) prime?
False
Suppose -a - 2*g = 11239 - 60128, -3*a + 146702 = -g. Is a prime?
False
Let k = 351 + -1755. Let y = 2153 + k. Is y a composite number?
True
Let g(b) = -56272*b**3 + 2*b**2 - 11*b - 12. Is g(-1) a prime number?
False
Suppose 5*t + l + 270 = 0, 2*t + 3*l + 30 = -65. Let x be 4/(-5)*t/22. Suppose 0 = a - 4, a = n - x*a - 137. Is n a prime number?
True
Let k(f) = 6*f**2 + 51*f + 172. Is k(27) composite?
False
Let l(f) = -f**2 - f. Let a(i) = 7*i**2 + 17*i - 1. Suppose -5*b = 1 - 21. Let u(c) = b*l(c) + a(c). Is u(-7) a composite number?
True
Suppose -3*d + 1622 = -367. Suppose -d = 5*v - 6348. Is v a prime number?
False
Let s(o) = -o - o + 8 + o + 0*o. Let a be s(6). Suppose 2*u - 240 = -a. Is u composite?
True
Let x be 8*(-4)/(-8)*-1. Let k = 8 + x. Suppose -k*s + 184 = 3*j, -2*j + 7*j = -5*s + 230. Is s a composite number?
True
Let d(j) = -j**2 - 7*j + 3. Let t be d(-4). Suppose 3652 = 19*l - t*l. Is l composite?
True
Suppose -5*r = -2*c - 29039, -r - c + 29033 = 4*r. Is r composite?
False
Let s be 198/45 + 2/(-5). Suppose 0 = s*h - 5*q - 9315, -4*h + 0*q + 9325 = -3*q. Suppose -4*f = f - h. Is f composite?
False
Suppose -2*q + 28 = 4*v - v, 4*q = -2*v + 24. Suppose 4*c = 7*c - n - 389, 0 = -4*n - v. Is c composite?
True
Suppose 5*h = -3*m - 2*m + 10, 0 = -3*m - h + 10. Suppose m*x = 2*x + 796. Suppose f - x = -f. Is f a prime number?
True
Let i = -6079 + 10206. Is i a composite number?
False
Let u be (-2 - (-10)/(-5)) + 6. Let n(h) = 4 + 3*h**u - 2 + 2*h - 7 - 9. Is n(-5) composite?
True
Is -3 + 7 + (28113 + 1 - -5) composite?
False
Suppose 982 = 3*n + n - b, -5*b = -4*n + 974. Let t = n - -385. Is t a prime number?
True
Suppose 3*d - 1215 = 333. Suppose -2*z + z - 5*f + d = 0, -4*f - 1567 = -3*z. Is z composite?
False
Suppose -3*l + 2*h + 44 - 634 = 0, h = 2*l + 393. Let s = 528 - 205. Let g = s + l. Is g a composite number?
False
Suppose -4*t = -8, 6*t = 3*m + t + 4. Suppose -m*p = 2*p - 6140. Is p a prime number?
False
Let f = 259 - 97. Suppose 0 = -3*a - 41 - 268. Let i = f + a. Is i prime?
True
Let g(d) = 2*d + 15. Let w be g(-7). Is -1073*(2 - w)/(-3 + 2) composite?
True
Suppose -l - 393 = -3*b - 4*l, 4*b = -3*l + 529. Suppose -356 = 4*g - 32. Let t = g + b. Is t prime?
False
Let z(v) = -93*v + 73. Suppose 36 = -3*m - 3*m. Is z(m) a prime number?
True
Let y be 116/6*(-2 - -32). Let v = y - 369. Is v prime?
True
Suppose 0*y - 96 = -y + 4*f, -y + 91 = f. Suppose 7*r = 9*r - y. Is r a prime number?
False
Suppose l + 35 = 6*l. Suppose 2*v + 3655 = l*v. Suppose -5037 = -2*s - v. Is s composite?
False
Suppose -w = 2, -u + 2*w = -382 - 2525. Is u a composite number?
False
Let d = 49739 + 11724. Is d prime?
True
Let c be (0/(-1))/(9 - 8). Suppose c = -4*z - 45 - 91. Is (-1152)/z + (-4)/(-34) a prime number?
False
Suppose -37*z + 29*z + 297112 = 0. Is z a composite number?
False
Suppose 3*b - 2*j - 43321 = 0, 3*b + 3*j = 46701 - 3390. Is b a composite number?
True
Suppose 13 = 2*a + 5, 4*x - 1092 = -4*a. Let r = 688 - x. Is r a prime number?
True
Let c(p) = -p**3 + 9*p**2 - 4*p + 11. Let o be c(7). Let d = 238 - o. Is d a composite number?
False
Suppose -z - 2*z + 7662 = 0. Suppose -4226 = -3*r + z. Suppose 10*u - r = 6*u. Is u a prime number?
False
Suppose 0 = 3*y + 3*j - 24441, 2*j + 10640 + 21948 = 4*y. Is y a prime number?
True
Is -6590*60/(-80)*4/6 prime?
False
Is (1386/(-168))/((-6)/1016) a prime number?
False
Is (6554/3)/(200/300) a prime number?
False
Is 10301/3 + 4/6*-1 a composite number?
False
Suppose 0 = -23*v + 302705 - 67944. Is v a composite number?
True
Suppose -4*b - 2*t = -b - 5929, 3*b + t = 5924. Is b prime?
True
Let l(j) = -3*j + 6*j**2 - 40*j**3 + 5 - 51*j**3 + 106*j**3. Suppose -3*h + 4 = -8. Is l(h) a prime number?
True
Suppose 13365 = 7*d - 33878. Is d composite?
True
Let a(g) = g**3 - 10*g**2 + 18*g - 16. Let h be a(8). Let d be (-2)/(-4)*(-7 - -15). Suppose -d*z - 353 + 1845 = h. Is z a composite number?
False
Let u be -3 - (-9 + 13 - (418 + -1)). Suppose 2*h = u + 1068. Is h prime?
True
Suppose f - 1130 - 306 = 3*b, 3*b - 9 = 0. Suppose -2*m + f = 3*m. Is m composite?
True
Suppose 21 = -3*d - a - 12, -4*d + a = 44. Let c(g) be the third derivative of g**5/30 + 7*g**4/24 - 2*g**3/3 + 6*g**2. Is c(d) composite?
True
Let i(y) = 6*y**2 - 3*y - 2. Let s be i(-1). Let v(c) = 47*c**2 + 4. Is v(s) a composite number?
True
Let n(g) = -134*g - 27. Let a be n(-8). Suppose -11*f = -16*f + a. Is f a composite number?
True
Let l(g) = g**3 + 22*g**2 + 28*g - 5. Is l(-12) a prime number?
False
Let i be (-22 - -25)*(1 - 0). Suppose i*x - 558 = 399. Is x a composite number?
True
Let n = -10 + 13. Suppose -v + 0*v + n = 0. Suppose -v*p - c - 106 = -586, -c - 808 = -5*p. Is p a prime number?
False
Suppose 3*i = -0*i + 645. Suppose -4*f - 2*v = 65 - i, 2*f + 4*v - 90 = 0. Is f - 2/(1 - 2) prime?
True
Suppose 62214 = 525*g - 519*g. Is g prime?
True
Let d = -3065 - -12246. Is d composite?
False
Let r be 22*55/((-10)/2). Let q = r - -124. Let g = 59 - q. Is g composite?
True
Let l(i) = -2*i + 10. Let o be l(4). Suppose -4*c + o*a + 681 = -3*c, -5*c - a = -3361. Is c a composite number?
False
Let f(t) = 3*t**3 + 9*t**2 - 6*t - 38. Let k(b) = -2*b**3 - 6*b**2 + 4*b + 25. 